{"id":3,"date":"2026-04-11T21:21:28","date_gmt":"2026-04-11T21:21:28","guid":{"rendered":"http:\/\/signalimmo.com\/?page_id=3"},"modified":"2026-04-17T21:08:09","modified_gmt":"2026-04-17T21:08:09","slug":"mentions-legales","status":"publish","type":"page","link":"https:\/\/signalimmo.com\/index.php\/mentions-legales\/","title":{"rendered":"Mentions l\u00e9gales"},"content":{"rendered":"<div class=\"fusion-fullwidth fullwidth-box fusion-builder-row-1 fusion-flex-container nonhundred-percent-fullwidth non-hundred-percent-height-scrolling\" style=\"--awb-border-radius-top-left:0px;--awb-border-radius-top-right:0px;--awb-border-radius-bottom-right:0px;--awb-border-radius-bottom-left:0px;--awb-flex-wrap:wrap;\" ><div class=\"fusion-builder-row fusion-row fusion-flex-align-items-flex-start fusion-flex-content-wrap\" style=\"max-width:1206.4px;margin-left: calc(-4% \/ 2 );margin-right: calc(-4% \/ 2 );\"><div class=\"fusion-layout-column fusion_builder_column fusion-builder-column-0 fusion_builder_column_1_1 1_1 fusion-flex-column\" style=\"--awb-bg-size:cover;--awb-width-large:100%;--awb-margin-top-large:0px;--awb-spacing-right-large:1.92%;--awb-margin-bottom-large:0px;--awb-spacing-left-large:1.92%;--awb-width-medium:100%;--awb-spacing-right-medium:1.92%;--awb-spacing-left-medium:1.92%;--awb-width-small:100%;--awb-spacing-right-small:1.92%;--awb-spacing-left-small:1.92%;\"><div class=\"fusion-column-wrapper fusion-flex-justify-content-flex-start fusion-content-layout-column\"><div class=\"fusion-text fusion-text-1\"><h2 style=\"text-align: center;\" data-section-id=\"1j9om0u\" data-start=\"138\" data-end=\"171\">Mentions l\u00e9gales \u2013 Signal Immo<\/h2>\n<h3 data-section-id=\"x51bap\" data-start=\"173\" data-end=\"197\">1. \u00c9diteur du site<\/h3>\n<p data-start=\"198\" data-end=\"237\">Le site <strong data-start=\"206\" data-end=\"221\">Signal Immo<\/strong> est \u00e9dit\u00e9 par :<\/p>\n<p data-start=\"239\" data-end=\"373\"><strong data-start=\"239\" data-end=\"257\">Florent MOULIN<\/strong><br data-start=\"257\" data-end=\"260\" \/>Entrepreneur individuel<br data-start=\"283\" data-end=\"286\" \/>SIREN : 793 138 298<br data-start=\"305\" data-end=\"308\" \/>SIRET : 793 138 298 00039<\/p>\n<p data-start=\"375\" data-end=\"507\">Adresse :<br data-start=\"384\" data-end=\"387\" \/>52B rue de la Convention<br data-start=\"411\" data-end=\"414\" \/>Chez Madame Kabia<br data-start=\"431\" data-end=\"434\" \/>94270 Le Kremlin-Bic\u00eatre \u2013 France<\/p>\n<p data-start=\"509\" data-end=\"599\">Activit\u00e9 : Programmation informatique (APE 62.01Z)<\/p>\n<p data-start=\"601\" data-end=\"657\">Email : florent<a class=\"decorated-link cursor-pointer\" rel=\"noopener\" data-start=\"609\" data-end=\"631\">@signalimmo.com<\/a><\/p>\n<hr data-start=\"659\" data-end=\"662\" \/>\n<h3 data-section-id=\"9qnlj9\" data-start=\"664\" data-end=\"700\">2. Directeur de la publication<\/h3>\n<p data-start=\"701\" data-end=\"758\">Le directeur de la publication est :<br data-start=\"737\" data-end=\"740\" \/><strong data-start=\"740\" data-end=\"758\">Florent MOULIN<\/strong><\/p>\n<hr data-start=\"760\" data-end=\"763\" \/>\n<h3 data-section-id=\"13pequ7\" data-start=\"765\" data-end=\"785\">3. H\u00e9bergement<\/h3>\n<p data-start=\"786\" data-end=\"813\">Le site est h\u00e9berg\u00e9 par :<\/p>\n<p data-start=\"815\" data-end=\"925\"><strong data-start=\"815\" data-end=\"826\">OVH SAS<\/strong><br data-start=\"826\" data-end=\"829\" \/>2 rue Kellermann<br data-start=\"845\" data-end=\"848\" \/>59100 Roubaix \u2013 France<br data-start=\"870\" data-end=\"873\" \/>T\u00e9l\u00e9phone : 1007<br data-start=\"889\" data-end=\"892\" \/>Site : <a class=\"decorated-link\" href=\"https:\/\/www.ovhcloud.com\" target=\"_new\" rel=\"noopener\" data-start=\"899\" data-end=\"923\">https:\/\/www.ovhcloud.com<\/a><\/p>\n<hr data-start=\"927\" data-end=\"930\" \/>\n<h3 data-section-id=\"n0cpjz\" data-start=\"932\" data-end=\"965\">4. Propri\u00e9t\u00e9 intellectuelle<\/h3>\n<p data-start=\"966\" data-end=\"1119\">L\u2019ensemble du contenu du site Signal Immo (textes, images, logo, \u00e9l\u00e9ments graphiques, structure) est prot\u00e9g\u00e9 par le droit de la propri\u00e9t\u00e9 intellectuelle.<\/p>\n<p data-start=\"1121\" data-end=\"1202\">Toute reproduction, modification ou exploitation sans autorisation est interdite.<\/p>\n<hr data-start=\"1204\" data-end=\"1207\" \/>\n<h3 data-section-id=\"1a89lpl\" data-start=\"1209\" data-end=\"1232\">5. Responsabilit\u00e9<\/h3>\n<p data-start=\"1233\" data-end=\"1312\">Signal Immo propose un service de fourniture d\u2019adresses de biens immobiliers.<\/p>\n<p data-start=\"1314\" data-end=\"1343\">L\u2019\u00e9diteur ne garantit pas :<\/p>\n<ul data-start=\"1344\" data-end=\"1469\">\n<li data-section-id=\"inytbl\" data-start=\"1344\" data-end=\"1385\">l\u2019exactitude absolue des informations<\/li>\n<li data-section-id=\"17b7i4x\" data-start=\"1386\" data-end=\"1416\">la disponibilit\u00e9 des biens<\/li>\n<li data-section-id=\"dtp8oz\" data-start=\"1417\" data-end=\"1469\">la r\u00e9ussite commerciale li\u00e9e \u00e0 leur exploitation<\/li>\n<\/ul>\n<p data-start=\"1471\" data-end=\"1546\">L\u2019utilisateur reste seul responsable de l\u2019utilisation des donn\u00e9es fournies.<\/p>\n<hr data-start=\"1548\" data-end=\"1551\" \/>\n<h3 data-section-id=\"9dxfia\" data-start=\"1553\" data-end=\"1582\">6. Donn\u00e9es personnelles<\/h3>\n<p data-start=\"1583\" data-end=\"1692\">Les donn\u00e9es collect\u00e9es (email, nom, etc.) sont utilis\u00e9es uniquement dans le cadre de la relation commerciale.<\/p>\n<p data-start=\"1694\" data-end=\"1733\">Conform\u00e9ment au RGPD, vous disposez :<\/p>\n<ul data-start=\"1734\" data-end=\"1796\">\n<li data-section-id=\"65dcx9\" data-start=\"1734\" data-end=\"1756\">d\u2019un droit d\u2019acc\u00e8s<\/li>\n<li data-section-id=\"1604f9t\" data-start=\"1757\" data-end=\"1777\">de rectification<\/li>\n<li data-section-id=\"qlisvk\" data-start=\"1778\" data-end=\"1796\">de suppression<\/li>\n<\/ul>\n<p data-start=\"1798\" data-end=\"1850\">Pour exercer ces droits :<br data-start=\"1823\" data-end=\"1826\" \/><a class=\"decorated-link cursor-pointer\" rel=\"noopener\" data-start=\"1826\" data-end=\"1848\">contact@signalimmo.com<\/a><\/p>\n<hr data-start=\"1852\" data-end=\"1855\" \/>\n<h3 data-section-id=\"15ric2w\" data-start=\"1857\" data-end=\"1873\">7. Cookies<\/h3>\n<p data-start=\"1874\" data-end=\"1986\">Le site peut utiliser des cookies \u00e0 des fins de mesure d\u2019audience et d\u2019am\u00e9lioration de l\u2019exp\u00e9rience utilisateur.<\/p>\n<p data-start=\"1988\" data-end=\"2050\">L\u2019utilisateur peut configurer son navigateur pour les refuser.<\/p>\n<hr data-start=\"2052\" data-end=\"2055\" \/>\n<h3 data-section-id=\"1t00c49\" data-start=\"2057\" data-end=\"2082\">8. Droit applicable<\/h3>\n<p data-start=\"2083\" data-end=\"2202\">Le site est soumis au droit fran\u00e7ais.<br data-start=\"2120\" data-end=\"2123\" \/>En cas de litige, les tribunaux comp\u00e9tents seront ceux du ressort de l\u2019\u00e9diteur.<\/p>\n<\/div><\/div><\/div><\/div><\/div>\n","protected":false},"excerpt":{"rendered":"","protected":false},"author":1,"featured_media":0,"parent":0,"menu_order":0,"comment_status":"closed","ping_status":"open","template":"","meta":{"footnotes":""},"class_list":["post-3","page","type-page","status-publish","hentry"],"_links":{"self":[{"href":"https:\/\/signalimmo.com\/index.php\/wp-json\/wp\/v2\/pages\/3","targetHints":{"allow":["GET"]}}],"collection":[{"href":"https:\/\/signalimmo.com\/index.php\/wp-json\/wp\/v2\/pages"}],"about":[{"href":"https:\/\/signalimmo.com\/index.php\/wp-json\/wp\/v2\/types\/page"}],"author":[{"embeddable":true,"href":"https:\/\/signalimmo.com\/index.php\/wp-json\/wp\/v2\/users\/1"}],"replies":[{"embeddable":true,"href":"https:\/\/signalimmo.com\/index.php\/wp-json\/wp\/v2\/comments?post=3"}],"version-history":[{"count":2,"href":"https:\/\/signalimmo.com\/index.php\/wp-json\/wp\/v2\/pages\/3\/revisions"}],"predecessor-version":[{"id":1388,"href":"https:\/\/signalimmo.com\/index.php\/wp-json\/wp\/v2\/pages\/3\/revisions\/1388"}],"wp:attachment":[{"href":"https:\/\/signalimmo.com\/index.php\/wp-json\/wp\/v2\/media?parent=3"}],"curies":[{"name":"wp","href":"https:\/\/api.w.org\/{rel}","templated":true}]}}